{"id":145,"date":"2022-12-04T09:41:41","date_gmt":"2022-12-04T09:41:41","guid":{"rendered":"http:\/\/causadoria.com.br\/?page_id=145"},"modified":"2023-09-18T04:00:57","modified_gmt":"2023-09-18T04:00:57","slug":"causadoria-2","status":"publish","type":"page","link":"https:\/\/causadoria.com.br\/","title":{"rendered":"Causadoria"},"content":{"rendered":"\n<p><br>Muito prazer, somos a Causadoria! Uma Incubadora de projetos criativos com Causa.<\/p>\n\n\n\n<p>Reconhecemos e nos incomodamos com os tantos desafios do mundo. Ao mesmo tempo, acreditamos que todos n\u00f3s temos potenciais aut\u00eanticos capazes de causar transforma\u00e7\u00f5es positivas na sociedade.<br><br>Acreditamos nos <strong>sonhos<\/strong>, nas <strong>ideias <\/strong>e na<strong> criatividade <\/strong>como for\u00e7a propulsora de movimento. Um movimento do <em>coletivo<\/em>, da <em>juventude<\/em>, da <em>pluralidade<\/em>, que nos convida a atravessar este Caos &#8211; pessoal e global &#8211; e, atrav\u00e9s das nossas diversas intelig\u00eancias, transform\u00e1-lo em um Caos Criativo, reconstruindo as estruturas.<br><br>Chegamos para incubar e impulsionar o desenvolvimento de projetos criativos causadores! Desejamos que <em>cada pessoa possa ter Uma Causa para chamar de sua<\/em> e permita-se entrar em a\u00e7\u00e3o por ela! Assim, juntos, teremos a for\u00e7a de um <strong>furac\u00e3o regenerador!<\/strong><\/p>\n","protected":false},"excerpt":{"rendered":"<p>Muito prazer, somos a Causadoria! Uma Incubadora de projetos criativos com Causa. Reconhecemos e nos incomodamos com os tantos desafios do mundo. Ao mesmo tempo, acreditamos que todos n\u00f3s temos potenciais aut\u00eanticos capazes de causar transforma\u00e7\u00f5es positivas na sociedade. Acreditamos nos sonhos, nas ideias e na criatividade como for\u00e7a propulsora de movimento. Um movimento do &hellip; <\/p>\n<p class=\"link-more\"><a href=\"https:\/\/causadoria.com.br\/\" class=\"more-link\">Continue lendo<span class=\"screen-reader-text\"> &#8220;Causadoria&#8221;<\/span><\/a><\/p>\n","protected":false},"author":1,"featured_media":0,"parent":0,"menu_order":1,"comment_status":"open","ping_status":"closed","template":"","meta":{"om_disable_all_campaigns":false,"_monsterinsights_skip_tracking":false,"_monsterinsights_sitenote_active":false,"_monsterinsights_sitenote_note":"","_monsterinsights_sitenote_category":0,"footnotes":""},"class_list":["post-145","page","type-page","status-publish","hentry"],"aioseo_notices":[],"_links":{"self":[{"href":"https:\/\/causadoria.com.br\/index.php?rest_route=\/wp\/v2\/pages\/145","targetHints":{"allow":["GET"]}}],"collection":[{"href":"https:\/\/causadoria.com.br\/index.php?rest_route=\/wp\/v2\/pages"}],"about":[{"href":"https:\/\/causadoria.com.br\/index.php?rest_route=\/wp\/v2\/types\/page"}],"author":[{"embeddable":true,"href":"https:\/\/causadoria.com.br\/index.php?rest_route=\/wp\/v2\/users\/1"}],"replies":[{"embeddable":true,"href":"https:\/\/causadoria.com.br\/index.php?rest_route=%2Fwp%2Fv2%2Fcomments&post=145"}],"version-history":[{"count":18,"href":"https:\/\/causadoria.com.br\/index.php?rest_route=\/wp\/v2\/pages\/145\/revisions"}],"predecessor-version":[{"id":423,"href":"https:\/\/causadoria.com.br\/index.php?rest_route=\/wp\/v2\/pages\/145\/revisions\/423"}],"wp:attachment":[{"href":"https:\/\/causadoria.com.br\/index.php?rest_route=%2Fwp%2Fv2%2Fmedia&parent=145"}],"curies":[{"name":"wp","href":"https:\/\/api.w.org\/{rel}","templated":true}]}}